-- Fortify CMS data-only backup
-- Generated at 2026-04-16T16:01:11+00:00
-- This file intentionally contains no CREATE TABLE or CREATE DATABASE statements.

DELETE FROM `translations`;
DELETE FROM `settings`;
DELETE FROM `roles`;
DELETE FROM `role_permissions`;
DELETE FROM `permissions`;
DELETE FROM `pages`;
DELETE FROM `page_sections`;
DELETE FROM `menus`;
DELETE FROM `menu_items`;
DELETE FROM `media`;
DELETE FROM `materials`;
DELETE FROM `material_images`;
DELETE FROM `customer_requests`;
DELETE FROM `categories`;
DELETE FROM `activity_logs`;

-- Data for activity_logs
INSERT INTO `activity_logs` (`id`, `user_id`, `action`, `module`, `record_id`, `description`, `ip_address`, `created_at`) VALUES ('1', '1', 'login', 'auth', '1', 'User logged in', '::1', '2026-04-16 18:38:19');
INSERT INTO `activity_logs` (`id`, `user_id`, `action`, `module`, `record_id`, `description`, `ip_address`, `created_at`) VALUES ('2', '1', 'login', 'auth', '1', 'User logged in', '::1', '2026-04-16 18:50:16');
INSERT INTO `activity_logs` (`id`, `user_id`, `action`, `module`, `record_id`, `description`, `ip_address`, `created_at`) VALUES ('3', '1', 'login', 'auth', '1', 'User logged in', '::1', '2026-04-16 19:01:01');
INSERT INTO `activity_logs` (`id`, `user_id`, `action`, `module`, `record_id`, `description`, `ip_address`, `created_at`) VALUES ('4', '1', 'login', 'auth', '1', 'User logged in', '::1', '2026-04-16 19:01:11');

-- Data for categories
INSERT INTO `categories` (`id`, `name`, `slug`, `description`, `status`, `created_at`, `updated_at`) VALUES ('1', 'الخدمات التقنية', 'technology-services', 'خدمات تقنية واستشارية', 'active', '2026-04-16 18:36:43', '2026-04-16 18:36:43');
INSERT INTO `categories` (`id`, `name`, `slug`, `description`, `status`, `created_at`, `updated_at`) VALUES ('2', 'الأنظمة الذكية', 'smart-systems', 'أنظمة ميدانية وأمنية', 'active', '2026-04-16 18:36:43', '2026-04-16 18:36:43');

-- Data for customer_requests

-- Data for material_images

-- Data for materials
INSERT INTO `materials` (`id`, `name`, `slug`, `short_description`, `description`, `price`, `image`, `status`, `category_id`, `sort_order`, `created_at`, `updated_at`) VALUES ('1', 'تصميم موقع شركة', 'company-website', 'موقع تعريفي سريع ومتجاوب', 'موقع شركة احترافي متعدد الأقسام وقابل للتوسع.', '0.00', '/assets/visual-network.svg', 'active', '1', '1', '2026-04-16 18:36:43', '2026-04-16 18:36:43');
INSERT INTO `materials` (`id`, `name`, `slug`, `short_description`, `description`, `price`, `image`, `status`, `category_id`, `sort_order`, `created_at`, `updated_at`) VALUES ('2', 'الاستشارات التقنية', 'technology-consulting', 'تخطيط استراتيجي وحوكمة تقنية', 'تخطيط استراتيجي، حوكمة تقنية، إدارة مشاريع، وتحسين إجراءات العمل بناءً على أهداف المؤسسة.', '0.00', '/assets/visual-network.svg', 'active', '1', '2', '2026-04-16 18:36:43', '2026-04-16 18:36:43');
INSERT INTO `materials` (`id`, `name`, `slug`, `short_description`, `description`, `price`, `image`, `status`, `category_id`, `sort_order`, `created_at`, `updated_at`) VALUES ('3', 'البنية التحتية والدعم', 'infrastructure-support', 'شبكات وخوادم ودعم تقني', 'شبكات، خوادم، نسخ احتياطي، ودعم تقني يحافظ على استقرار العمل اليومي.', '0.00', '/assets/visual-network.svg', 'active', '1', '3', '2026-04-16 18:36:43', '2026-04-16 18:36:43');
INSERT INTO `materials` (`id`, `name`, `slug`, `short_description`, `description`, `price`, `image`, `status`, `category_id`, `sort_order`, `created_at`, `updated_at`) VALUES ('4', 'التدريب وبناء القدرات', 'training-enablement', 'تدريب فرق العمل التقنية', 'برامج تدريبية موجهة لفرق العمل في الإدارة، تقنية المعلومات، أمن المعلومات، وتشغيل الأنظمة.', '0.00', '/assets/visual-audio.svg', 'active', '1', '4', '2026-04-16 18:36:43', '2026-04-16 18:36:43');
INSERT INTO `materials` (`id`, `name`, `slug`, `short_description`, `description`, `price`, `image`, `status`, `category_id`, `sort_order`, `created_at`, `updated_at`) VALUES ('5', 'التعاقد الخارجي', 'outsourcing', 'تشغيل ودعم خدمات تقنية', 'تشغيل ودعم خدمات تقنية خارج نطاق العمل الأساسي لتقليل الكلفة ورفع كفاءة فرقك الداخلية.', '0.00', '/assets/visual-security.svg', 'active', '1', '5', '2026-04-16 18:36:43', '2026-04-16 18:36:43');
INSERT INTO `materials` (`id`, `name`, `slug`, `short_description`, `description`, `price`, `image`, `status`, `category_id`, `sort_order`, `created_at`, `updated_at`) VALUES ('6', 'تطوير المواقع والأنظمة', 'web-systems', 'مواقع ولوحات تحكم وأنظمة داخلية', 'مواقع تعريفية عالمية، لوحات تحكم، أنظمة داخلية، وتكاملات رقمية سريعة وآمنة.', '0.00', '/assets/visual-network.svg', 'active', '1', '6', '2026-04-16 18:36:43', '2026-04-16 18:36:43');
INSERT INTO `materials` (`id`, `name`, `slug`, `short_description`, `description`, `price`, `image`, `status`, `category_id`, `sort_order`, `created_at`, `updated_at`) VALUES ('7', 'الأمن السيبراني', 'cybersecurity', 'حماية ومراقبة وتحكم وصول', 'تقييم مخاطر، حماية بيانات، إعدادات وصول، ومراقبة تساعدك على تقليل نقاط الضعف.', '0.00', '/assets/visual-security.svg', 'active', '1', '7', '2026-04-16 18:36:43', '2026-04-16 18:36:43');
INSERT INTO `materials` (`id`, `name`, `slug`, `short_description`, `description`, `price`, `image`, `status`, `category_id`, `sort_order`, `created_at`, `updated_at`) VALUES ('8', 'حلول الشبكات والإنترنت', 'networks-internet', 'شبكات داخلية واتصال مستقر', 'تصميم وتنفيذ شبكات داخلية ونقاط إنترنت وتجهيزات راوتر وسويتشات.', '0.00', '/assets/visual-network.svg', 'active', '2', '2', '2026-04-16 18:36:43', '2026-04-16 18:36:43');
INSERT INTO `materials` (`id`, `name`, `slug`, `short_description`, `description`, `price`, `image`, `status`, `category_id`, `sort_order`, `created_at`, `updated_at`) VALUES ('9', 'كاميرات المراقبة', 'surveillance-cameras', 'أنظمة مراقبة داخلية وخارجية', 'توريد وتركيب كاميرات وتسجيل مركزي ومشاهدة عن بعد.', '0.00', '/assets/visual-camera.svg', 'active', '2', '3', '2026-04-16 18:36:43', '2026-04-16 18:36:43');
INSERT INTO `materials` (`id`, `name`, `slug`, `short_description`, `description`, `price`, `image`, `status`, `category_id`, `sort_order`, `created_at`, `updated_at`) VALUES ('10', 'إنذار الحريق', 'fire-alarm', 'كشف مبكر وتنبيه منظم', 'حلول إنذار وكشف مبكر وربط لوحات وحساسات.', '0.00', '/assets/visual-fire.svg', 'active', '2', '4', '2026-04-16 18:36:43', '2026-04-16 18:36:43');
INSERT INTO `materials` (`id`, `name`, `slug`, `short_description`, `description`, `price`, `image`, `status`, `category_id`, `sort_order`, `created_at`, `updated_at`) VALUES ('11', 'أنظمة الصوتيات', 'audio-systems', 'صوتيات ونداء عام', 'أنظمة صوت للمكاتب والقاعات والمساحات التجارية.', '0.00', '/assets/visual-audio.svg', 'active', '2', '5', '2026-04-16 18:36:43', '2026-04-16 18:36:43');
INSERT INTO `materials` (`id`, `name`, `slug`, `short_description`, `description`, `price`, `image`, `status`, `category_id`, `sort_order`, `created_at`, `updated_at`) VALUES ('12', 'حلول الطاقة الشمسية', 'solar-energy', 'منظومات طاقة شمسية', 'تصميم وتركيب منظومات طاقة شمسية للمواقع التشغيلية والشركات.', '0.00', '/assets/visual-solar.svg', 'active', '2', '6', '2026-04-16 18:36:43', '2026-04-16 18:36:43');
INSERT INTO `materials` (`id`, `name`, `slug`, `short_description`, `description`, `price`, `image`, `status`, `category_id`, `sort_order`, `created_at`, `updated_at`) VALUES ('13', 'الأنظمة الأمنية المتكاملة', 'integrated-security', 'تحكم دخول وحساسات وبوابات', 'تحكم بالدخول، أقفال ذكية، حساسات، بوابات، وربط أمني يساعد على حماية الأشخاص والأصول.', '0.00', '/assets/visual-security.svg', 'active', '2', '7', '2026-04-16 18:36:43', '2026-04-16 18:36:43');

-- Data for media

-- Data for menu_items
INSERT INTO `menu_items` (`id`, `menu_id`, `title`, `type`, `page_id`, `custom_url`, `target`, `icon`, `sort_order`, `is_active`, `created_at`, `updated_at`) VALUES ('1', '1', 'الرئيسية', 'custom', NULL, '/', '_self', NULL, '1', '1', '2026-04-16 18:36:43', '2026-04-16 18:36:43');
INSERT INTO `menu_items` (`id`, `menu_id`, `title`, `type`, `page_id`, `custom_url`, `target`, `icon`, `sort_order`, `is_active`, `created_at`, `updated_at`) VALUES ('2', '1', 'من نحن', 'custom', NULL, '/#about', '_self', NULL, '2', '1', '2026-04-16 18:36:43', '2026-04-16 18:36:43');
INSERT INTO `menu_items` (`id`, `menu_id`, `title`, `type`, `page_id`, `custom_url`, `target`, `icon`, `sort_order`, `is_active`, `created_at`, `updated_at`) VALUES ('3', '1', 'الخدمات', 'custom', NULL, '/#services', '_self', NULL, '3', '1', '2026-04-16 18:36:43', '2026-04-16 18:36:43');
INSERT INTO `menu_items` (`id`, `menu_id`, `title`, `type`, `page_id`, `custom_url`, `target`, `icon`, `sort_order`, `is_active`, `created_at`, `updated_at`) VALUES ('4', '1', 'الأنظمة', 'custom', NULL, '/#smart-systems', '_self', NULL, '4', '1', '2026-04-16 18:36:43', '2026-04-16 18:36:43');
INSERT INTO `menu_items` (`id`, `menu_id`, `title`, `type`, `page_id`, `custom_url`, `target`, `icon`, `sort_order`, `is_active`, `created_at`, `updated_at`) VALUES ('5', '1', 'أعمالنا', 'custom', NULL, '/#portfolio', '_self', NULL, '5', '1', '2026-04-16 18:36:43', '2026-04-16 18:36:43');
INSERT INTO `menu_items` (`id`, `menu_id`, `title`, `type`, `page_id`, `custom_url`, `target`, `icon`, `sort_order`, `is_active`, `created_at`, `updated_at`) VALUES ('6', '1', 'طلب خدمة', 'custom', NULL, '/request.php', '_self', NULL, '6', '1', '2026-04-16 18:36:43', '2026-04-16 18:36:43');
INSERT INTO `menu_items` (`id`, `menu_id`, `title`, `type`, `page_id`, `custom_url`, `target`, `icon`, `sort_order`, `is_active`, `created_at`, `updated_at`) VALUES ('7', '2', 'الرئيسية', 'custom', NULL, '/', '_self', NULL, '1', '1', '2026-04-16 18:36:43', '2026-04-16 18:36:43');
INSERT INTO `menu_items` (`id`, `menu_id`, `title`, `type`, `page_id`, `custom_url`, `target`, `icon`, `sort_order`, `is_active`, `created_at`, `updated_at`) VALUES ('8', '2', 'طلب خدمة', 'custom', NULL, '/request.php', '_self', NULL, '2', '1', '2026-04-16 18:36:43', '2026-04-16 18:36:43');

-- Data for menus
INSERT INTO `menus` (`id`, `name`, `location`, `is_active`, `created_at`, `updated_at`) VALUES ('1', 'Header Menu', 'header', '1', '2026-04-16 18:36:43', '2026-04-16 18:36:43');
INSERT INTO `menus` (`id`, `name`, `location`, `is_active`, `created_at`, `updated_at`) VALUES ('2', 'Footer Menu', 'footer', '1', '2026-04-16 18:36:43', '2026-04-16 18:36:43');

-- Data for page_sections
INSERT INTO `page_sections` (`id`, `page_id`, `section_key`, `title`, `subtitle`, `content`, `image`, `button_text`, `button_link`, `sort_order`, `is_active`, `created_at`, `updated_at`) VALUES ('1', '1', 'hero', 'الحصن التقني لتكنولوجيا المعلومات', 'شركة تكنولوجيا معلومات', 'نقدّم حلول تكنولوجيا معلومات وأنظمة ذكية متكاملة تجمع بين الاستشارات، البنية التحتية، الأمن، الطاقة، التدريب، والتطوير الرقمي.', '/assets/fortify-logo.png', 'ابدأ مشروعك', '/request.php', '1', '1', '2026-04-16 18:36:43', '2026-04-16 18:36:43');
INSERT INTO `page_sections` (`id`, `page_id`, `section_key`, `title`, `subtitle`, `content`, `image`, `button_text`, `button_link`, `sort_order`, `is_active`, `created_at`, `updated_at`) VALUES ('2', '1', 'about', 'شركة تقنية تعمل بعقلية الحماية والإنجاز', 'من نحن', 'تعمل Fortify كمحطة خدمات تقنية واحدة للشركات والمؤسسات، من التخطيط والاستشارة إلى التنفيذ والتشغيل والدعم للأنظمة الرقمية والميدانية.', NULL, NULL, NULL, '2', '1', '2026-04-16 18:36:43', '2026-04-16 18:36:43');
INSERT INTO `page_sections` (`id`, `page_id`, `section_key`, `title`, `subtitle`, `content`, `image`, `button_text`, `button_link`, `sort_order`, `is_active`, `created_at`, `updated_at`) VALUES ('3', '1', 'services', 'خدمات متكاملة تربط الأعمال بالتكنولوجيا', 'ما نقدمه', 'استشارات، بنية تحتية، دعم، تدريب، تطوير رقمي، وحلول تشغيلية.', NULL, NULL, NULL, '3', '1', '2026-04-16 18:36:43', '2026-04-16 18:36:43');
INSERT INTO `page_sections` (`id`, `page_id`, `section_key`, `title`, `subtitle`, `content`, `image`, `button_text`, `button_link`, `sort_order`, `is_active`, `created_at`, `updated_at`) VALUES ('4', '1', 'systems', 'تقنيات ميدانية تربط الطاقة والأمان والتشغيل', 'حلول الأنظمة الذكية', 'الطاقة الشمسية، الشبكات والإنترنت، كاميرات المراقبة، أنظمة الصوت، إنذار الحريق، والأنظمة الأمنية.', NULL, NULL, NULL, '4', '1', '2026-04-16 18:36:43', '2026-04-16 18:36:43');
INSERT INTO `page_sections` (`id`, `page_id`, `section_key`, `title`, `subtitle`, `content`, `image`, `button_text`, `button_link`, `sort_order`, `is_active`, `created_at`, `updated_at`) VALUES ('5', '1', 'values', 'العمل معنا يعني التزامًا وشفافية ونتائج قابلة للقياس', 'قيم لا تتغير', 'الالتزام، التميز، العميل في المركز، والمصداقية.', NULL, NULL, NULL, '5', '1', '2026-04-16 18:36:43', '2026-04-16 18:36:43');
INSERT INTO `page_sections` (`id`, `page_id`, `section_key`, `title`, `subtitle`, `content`, `image`, `button_text`, `button_link`, `sort_order`, `is_active`, `created_at`, `updated_at`) VALUES ('6', '1', 'work', 'من الفكرة إلى تشغيل مستقر', 'طريقة العمل', 'نبدأ بفهم الهدف التجاري، ثم نصمم الحل، نبنيه بخطوات قابلة للقياس، ونترك نظامًا قابلًا للصيانة.', NULL, NULL, NULL, '6', '1', '2026-04-16 18:36:43', '2026-04-16 18:36:43');
INSERT INTO `page_sections` (`id`, `page_id`, `section_key`, `title`, `subtitle`, `content`, `image`, `button_text`, `button_link`, `sort_order`, `is_active`, `created_at`, `updated_at`) VALUES ('7', '1', 'contact', 'جاهزون لبناء حصن رقمي لأعمالك', 'تواصل معنا', 'راسلنا بفكرة مشروعك أو احتياج شركتك، وسنساعدك على اختيار الحل التقني المناسب.', NULL, 'طلب خدمة', '/request.php', '7', '1', '2026-04-16 18:36:43', '2026-04-16 18:36:43');

-- Data for pages
INSERT INTO `pages` (`id`, `title`, `slug`, `content`, `meta_title`, `meta_description`, `status`, `featured_image`, `sort_order`, `created_by`, `created_at`, `updated_at`) VALUES ('1', 'الرئيسية', 'home', NULL, 'الحصن التقني | Fortify', 'Fortify dynamic CMS homepage', 'published', NULL, '1', '1', '2026-04-16 18:36:43', '2026-04-16 18:36:43');
INSERT INTO `pages` (`id`, `title`, `slug`, `content`, `meta_title`, `meta_description`, `status`, `featured_image`, `sort_order`, `created_by`, `created_at`, `updated_at`) VALUES ('2', 'من نحن', 'about', 'الحصن التقني لتكنولوجيا المعلومات شركة عراقية تقدم حلول تقنية وأنظمة ذكية متكاملة.', 'من نحن | Fortify', 'نبذة عن Fortify', 'published', NULL, '2', '1', '2026-04-16 18:36:43', '2026-04-16 18:36:43');
INSERT INTO `pages` (`id`, `title`, `slug`, `content`, `meta_title`, `meta_description`, `status`, `featured_image`, `sort_order`, `created_by`, `created_at`, `updated_at`) VALUES ('3', 'الخدمات', 'services', 'خدمات استشارية وتقنية وأنظمة ميدانية للشركات والمشاريع.', 'الخدمات | Fortify', 'خدمات Fortify', 'published', NULL, '3', '1', '2026-04-16 18:36:43', '2026-04-16 18:36:43');
INSERT INTO `pages` (`id`, `title`, `slug`, `content`, `meta_title`, `meta_description`, `status`, `featured_image`, `sort_order`, `created_by`, `created_at`, `updated_at`) VALUES ('4', 'التواصل', 'contact', 'راسلنا عبر info@4tiify.com', 'التواصل | Fortify', 'تواصل مع Fortify', 'published', NULL, '4', '1', '2026-04-16 18:36:43', '2026-04-16 18:36:43');

-- Data for permissions
INSERT INTO `permissions` (`id`, `permission_key`, `permission_name`, `module`, `created_at`, `updated_at`) VALUES ('1', 'view_pages', 'View pages', 'pages', '2026-04-16 18:36:43', '2026-04-16 18:36:43');
INSERT INTO `permissions` (`id`, `permission_key`, `permission_name`, `module`, `created_at`, `updated_at`) VALUES ('2', 'create_pages', 'Create pages', 'pages', '2026-04-16 18:36:43', '2026-04-16 18:36:43');
INSERT INTO `permissions` (`id`, `permission_key`, `permission_name`, `module`, `created_at`, `updated_at`) VALUES ('3', 'edit_pages', 'Edit pages', 'pages', '2026-04-16 18:36:43', '2026-04-16 18:36:43');
INSERT INTO `permissions` (`id`, `permission_key`, `permission_name`, `module`, `created_at`, `updated_at`) VALUES ('4', 'delete_pages', 'Delete pages', 'pages', '2026-04-16 18:36:43', '2026-04-16 18:36:43');
INSERT INTO `permissions` (`id`, `permission_key`, `permission_name`, `module`, `created_at`, `updated_at`) VALUES ('5', 'view_sections', 'View sections', 'sections', '2026-04-16 18:36:43', '2026-04-16 18:36:43');
INSERT INTO `permissions` (`id`, `permission_key`, `permission_name`, `module`, `created_at`, `updated_at`) VALUES ('6', 'create_sections', 'Create sections', 'sections', '2026-04-16 18:36:43', '2026-04-16 18:36:43');
INSERT INTO `permissions` (`id`, `permission_key`, `permission_name`, `module`, `created_at`, `updated_at`) VALUES ('7', 'edit_sections', 'Edit sections', 'sections', '2026-04-16 18:36:43', '2026-04-16 18:36:43');
INSERT INTO `permissions` (`id`, `permission_key`, `permission_name`, `module`, `created_at`, `updated_at`) VALUES ('8', 'delete_sections', 'Delete sections', 'sections', '2026-04-16 18:36:43', '2026-04-16 18:36:43');
INSERT INTO `permissions` (`id`, `permission_key`, `permission_name`, `module`, `created_at`, `updated_at`) VALUES ('9', 'view_menus', 'View menus', 'menus', '2026-04-16 18:36:43', '2026-04-16 18:36:43');
INSERT INTO `permissions` (`id`, `permission_key`, `permission_name`, `module`, `created_at`, `updated_at`) VALUES ('10', 'create_menus', 'Create menus', 'menus', '2026-04-16 18:36:43', '2026-04-16 18:36:43');
INSERT INTO `permissions` (`id`, `permission_key`, `permission_name`, `module`, `created_at`, `updated_at`) VALUES ('11', 'edit_menus', 'Edit menus', 'menus', '2026-04-16 18:36:43', '2026-04-16 18:36:43');
INSERT INTO `permissions` (`id`, `permission_key`, `permission_name`, `module`, `created_at`, `updated_at`) VALUES ('12', 'delete_menus', 'Delete menus', 'menus', '2026-04-16 18:36:43', '2026-04-16 18:36:43');
INSERT INTO `permissions` (`id`, `permission_key`, `permission_name`, `module`, `created_at`, `updated_at`) VALUES ('13', 'view_materials', 'View materials', 'materials', '2026-04-16 18:36:43', '2026-04-16 18:36:43');
INSERT INTO `permissions` (`id`, `permission_key`, `permission_name`, `module`, `created_at`, `updated_at`) VALUES ('14', 'create_materials', 'Create materials', 'materials', '2026-04-16 18:36:43', '2026-04-16 18:36:43');
INSERT INTO `permissions` (`id`, `permission_key`, `permission_name`, `module`, `created_at`, `updated_at`) VALUES ('15', 'edit_materials', 'Edit materials', 'materials', '2026-04-16 18:36:43', '2026-04-16 18:36:43');
INSERT INTO `permissions` (`id`, `permission_key`, `permission_name`, `module`, `created_at`, `updated_at`) VALUES ('16', 'delete_materials', 'Delete materials', 'materials', '2026-04-16 18:36:43', '2026-04-16 18:36:43');
INSERT INTO `permissions` (`id`, `permission_key`, `permission_name`, `module`, `created_at`, `updated_at`) VALUES ('17', 'view_orders', 'View orders', 'orders', '2026-04-16 18:36:43', '2026-04-16 18:36:43');
INSERT INTO `permissions` (`id`, `permission_key`, `permission_name`, `module`, `created_at`, `updated_at`) VALUES ('18', 'edit_orders', 'Edit orders', 'orders', '2026-04-16 18:36:43', '2026-04-16 18:36:43');
INSERT INTO `permissions` (`id`, `permission_key`, `permission_name`, `module`, `created_at`, `updated_at`) VALUES ('19', 'delete_orders', 'Delete orders', 'orders', '2026-04-16 18:36:43', '2026-04-16 18:36:43');
INSERT INTO `permissions` (`id`, `permission_key`, `permission_name`, `module`, `created_at`, `updated_at`) VALUES ('20', 'view_media', 'View media', 'media', '2026-04-16 18:36:43', '2026-04-16 18:36:43');
INSERT INTO `permissions` (`id`, `permission_key`, `permission_name`, `module`, `created_at`, `updated_at`) VALUES ('21', 'upload_media', 'Upload media', 'media', '2026-04-16 18:36:43', '2026-04-16 18:36:43');
INSERT INTO `permissions` (`id`, `permission_key`, `permission_name`, `module`, `created_at`, `updated_at`) VALUES ('22', 'delete_media', 'Delete media', 'media', '2026-04-16 18:36:43', '2026-04-16 18:36:43');
INSERT INTO `permissions` (`id`, `permission_key`, `permission_name`, `module`, `created_at`, `updated_at`) VALUES ('23', 'view_users', 'View users', 'users', '2026-04-16 18:36:43', '2026-04-16 18:36:43');
INSERT INTO `permissions` (`id`, `permission_key`, `permission_name`, `module`, `created_at`, `updated_at`) VALUES ('24', 'create_users', 'Create users', 'users', '2026-04-16 18:36:43', '2026-04-16 18:36:43');
INSERT INTO `permissions` (`id`, `permission_key`, `permission_name`, `module`, `created_at`, `updated_at`) VALUES ('25', 'edit_users', 'Edit users', 'users', '2026-04-16 18:36:43', '2026-04-16 18:36:43');
INSERT INTO `permissions` (`id`, `permission_key`, `permission_name`, `module`, `created_at`, `updated_at`) VALUES ('26', 'delete_users', 'Delete users', 'users', '2026-04-16 18:36:43', '2026-04-16 18:36:43');
INSERT INTO `permissions` (`id`, `permission_key`, `permission_name`, `module`, `created_at`, `updated_at`) VALUES ('27', 'view_roles', 'View roles', 'roles', '2026-04-16 18:36:43', '2026-04-16 18:36:43');
INSERT INTO `permissions` (`id`, `permission_key`, `permission_name`, `module`, `created_at`, `updated_at`) VALUES ('28', 'create_roles', 'Create roles', 'roles', '2026-04-16 18:36:43', '2026-04-16 18:36:43');
INSERT INTO `permissions` (`id`, `permission_key`, `permission_name`, `module`, `created_at`, `updated_at`) VALUES ('29', 'edit_roles', 'Edit roles', 'roles', '2026-04-16 18:36:43', '2026-04-16 18:36:43');
INSERT INTO `permissions` (`id`, `permission_key`, `permission_name`, `module`, `created_at`, `updated_at`) VALUES ('30', 'assign_permissions', 'Assign permissions', 'roles', '2026-04-16 18:36:43', '2026-04-16 18:36:43');
INSERT INTO `permissions` (`id`, `permission_key`, `permission_name`, `module`, `created_at`, `updated_at`) VALUES ('31', 'view_settings', 'View settings', 'settings', '2026-04-16 18:36:43', '2026-04-16 18:36:43');
INSERT INTO `permissions` (`id`, `permission_key`, `permission_name`, `module`, `created_at`, `updated_at`) VALUES ('32', 'edit_settings', 'Edit settings', 'settings', '2026-04-16 18:36:43', '2026-04-16 18:36:43');
INSERT INTO `permissions` (`id`, `permission_key`, `permission_name`, `module`, `created_at`, `updated_at`) VALUES ('33', 'view_translations', 'View translations', 'translations', '2026-04-16 18:36:43', '2026-04-16 18:36:43');
INSERT INTO `permissions` (`id`, `permission_key`, `permission_name`, `module`, `created_at`, `updated_at`) VALUES ('34', 'create_translations', 'Create translations', 'translations', '2026-04-16 18:36:43', '2026-04-16 18:36:43');
INSERT INTO `permissions` (`id`, `permission_key`, `permission_name`, `module`, `created_at`, `updated_at`) VALUES ('35', 'edit_translations', 'Edit translations', 'translations', '2026-04-16 18:36:43', '2026-04-16 18:36:43');
INSERT INTO `permissions` (`id`, `permission_key`, `permission_name`, `module`, `created_at`, `updated_at`) VALUES ('36', 'delete_translations', 'Delete translations', 'translations', '2026-04-16 18:36:43', '2026-04-16 18:36:43');
INSERT INTO `permissions` (`id`, `permission_key`, `permission_name`, `module`, `created_at`, `updated_at`) VALUES ('37', 'view_activity_logs', 'View activity logs', 'activity', '2026-04-16 18:36:43', '2026-04-16 18:36:43');
INSERT INTO `permissions` (`id`, `permission_key`, `permission_name`, `module`, `created_at`, `updated_at`) VALUES ('38', 'view_backups', 'View backups', 'backups', '2026-04-16 18:49:24', '2026-04-16 18:49:24');
INSERT INTO `permissions` (`id`, `permission_key`, `permission_name`, `module`, `created_at`, `updated_at`) VALUES ('39', 'create_backups', 'Create backups', 'backups', '2026-04-16 18:49:24', '2026-04-16 18:49:24');
INSERT INTO `permissions` (`id`, `permission_key`, `permission_name`, `module`, `created_at`, `updated_at`) VALUES ('40', 'restore_backups', 'Restore backups', 'backups', '2026-04-16 18:49:24', '2026-04-16 18:49:24');
INSERT INTO `permissions` (`id`, `permission_key`, `permission_name`, `module`, `created_at`, `updated_at`) VALUES ('41', 'delete_backups', 'Delete backups', 'backups', '2026-04-16 18:49:24', '2026-04-16 18:49:24');
INSERT INTO `permissions` (`id`, `permission_key`, `permission_name`, `module`, `created_at`, `updated_at`) VALUES ('42', 'view_system_updates', 'View system updates', 'system_updates', '2026-04-16 18:49:24', '2026-04-16 18:49:24');
INSERT INTO `permissions` (`id`, `permission_key`, `permission_name`, `module`, `created_at`, `updated_at`) VALUES ('43', 'apply_system_updates', 'Apply system updates', 'system_updates', '2026-04-16 18:49:24', '2026-04-16 18:49:24');
INSERT INTO `permissions` (`id`, `permission_key`, `permission_name`, `module`, `created_at`, `updated_at`) VALUES ('48', 'view_system_routes', 'View system routes', 'system_routes', '2026-04-16 18:50:05', '2026-04-16 18:50:05');

-- Data for role_permissions
INSERT INTO `role_permissions` (`id`, `role_id`, `permission_id`) VALUES ('32', '1', '1');
INSERT INTO `role_permissions` (`id`, `role_id`, `permission_id`) VALUES ('4', '1', '2');
INSERT INTO `role_permissions` (`id`, `role_id`, `permission_id`) VALUES ('20', '1', '3');
INSERT INTO `role_permissions` (`id`, `role_id`, `permission_id`) VALUES ('13', '1', '4');
INSERT INTO `role_permissions` (`id`, `role_id`, `permission_id`) VALUES ('34', '1', '5');
INSERT INTO `role_permissions` (`id`, `role_id`, `permission_id`) VALUES ('6', '1', '6');
INSERT INTO `role_permissions` (`id`, `role_id`, `permission_id`) VALUES ('22', '1', '7');
INSERT INTO `role_permissions` (`id`, `role_id`, `permission_id`) VALUES ('14', '1', '8');
INSERT INTO `role_permissions` (`id`, `role_id`, `permission_id`) VALUES ('30', '1', '9');
INSERT INTO `role_permissions` (`id`, `role_id`, `permission_id`) VALUES ('3', '1', '10');
INSERT INTO `role_permissions` (`id`, `role_id`, `permission_id`) VALUES ('18', '1', '11');
INSERT INTO `role_permissions` (`id`, `role_id`, `permission_id`) VALUES ('11', '1', '12');
INSERT INTO `role_permissions` (`id`, `role_id`, `permission_id`) VALUES ('28', '1', '13');
INSERT INTO `role_permissions` (`id`, `role_id`, `permission_id`) VALUES ('2', '1', '14');
INSERT INTO `role_permissions` (`id`, `role_id`, `permission_id`) VALUES ('17', '1', '15');
INSERT INTO `role_permissions` (`id`, `role_id`, `permission_id`) VALUES ('9', '1', '16');
INSERT INTO `role_permissions` (`id`, `role_id`, `permission_id`) VALUES ('31', '1', '17');
INSERT INTO `role_permissions` (`id`, `role_id`, `permission_id`) VALUES ('19', '1', '18');
INSERT INTO `role_permissions` (`id`, `role_id`, `permission_id`) VALUES ('12', '1', '19');
INSERT INTO `role_permissions` (`id`, `role_id`, `permission_id`) VALUES ('29', '1', '20');
INSERT INTO `role_permissions` (`id`, `role_id`, `permission_id`) VALUES ('26', '1', '21');
INSERT INTO `role_permissions` (`id`, `role_id`, `permission_id`) VALUES ('10', '1', '22');
INSERT INTO `role_permissions` (`id`, `role_id`, `permission_id`) VALUES ('37', '1', '23');
INSERT INTO `role_permissions` (`id`, `role_id`, `permission_id`) VALUES ('8', '1', '24');
INSERT INTO `role_permissions` (`id`, `role_id`, `permission_id`) VALUES ('25', '1', '25');
INSERT INTO `role_permissions` (`id`, `role_id`, `permission_id`) VALUES ('16', '1', '26');
INSERT INTO `role_permissions` (`id`, `role_id`, `permission_id`) VALUES ('33', '1', '27');
INSERT INTO `role_permissions` (`id`, `role_id`, `permission_id`) VALUES ('5', '1', '28');
INSERT INTO `role_permissions` (`id`, `role_id`, `permission_id`) VALUES ('21', '1', '29');
INSERT INTO `role_permissions` (`id`, `role_id`, `permission_id`) VALUES ('1', '1', '30');
INSERT INTO `role_permissions` (`id`, `role_id`, `permission_id`) VALUES ('35', '1', '31');
INSERT INTO `role_permissions` (`id`, `role_id`, `permission_id`) VALUES ('23', '1', '32');
INSERT INTO `role_permissions` (`id`, `role_id`, `permission_id`) VALUES ('36', '1', '33');
INSERT INTO `role_permissions` (`id`, `role_id`, `permission_id`) VALUES ('7', '1', '34');
INSERT INTO `role_permissions` (`id`, `role_id`, `permission_id`) VALUES ('24', '1', '35');
INSERT INTO `role_permissions` (`id`, `role_id`, `permission_id`) VALUES ('15', '1', '36');
INSERT INTO `role_permissions` (`id`, `role_id`, `permission_id`) VALUES ('27', '1', '37');
INSERT INTO `role_permissions` (`id`, `role_id`, `permission_id`) VALUES ('106', '1', '38');
INSERT INTO `role_permissions` (`id`, `role_id`, `permission_id`) VALUES ('103', '1', '39');
INSERT INTO `role_permissions` (`id`, `role_id`, `permission_id`) VALUES ('105', '1', '40');
INSERT INTO `role_permissions` (`id`, `role_id`, `permission_id`) VALUES ('104', '1', '41');
INSERT INTO `role_permissions` (`id`, `role_id`, `permission_id`) VALUES ('107', '1', '42');
INSERT INTO `role_permissions` (`id`, `role_id`, `permission_id`) VALUES ('102', '1', '43');
INSERT INTO `role_permissions` (`id`, `role_id`, `permission_id`) VALUES ('117', '1', '48');
INSERT INTO `role_permissions` (`id`, `role_id`, `permission_id`) VALUES ('80', '2', '1');
INSERT INTO `role_permissions` (`id`, `role_id`, `permission_id`) VALUES ('65', '2', '2');
INSERT INTO `role_permissions` (`id`, `role_id`, `permission_id`) VALUES ('71', '2', '3');
INSERT INTO `role_permissions` (`id`, `role_id`, `permission_id`) VALUES ('81', '2', '5');
INSERT INTO `role_permissions` (`id`, `role_id`, `permission_id`) VALUES ('66', '2', '6');
INSERT INTO `role_permissions` (`id`, `role_id`, `permission_id`) VALUES ('72', '2', '7');
INSERT INTO `role_permissions` (`id`, `role_id`, `permission_id`) VALUES ('78', '2', '9');
INSERT INTO `role_permissions` (`id`, `role_id`, `permission_id`) VALUES ('69', '2', '11');
INSERT INTO `role_permissions` (`id`, `role_id`, `permission_id`) VALUES ('76', '2', '13');
INSERT INTO `role_permissions` (`id`, `role_id`, `permission_id`) VALUES ('64', '2', '14');
INSERT INTO `role_permissions` (`id`, `role_id`, `permission_id`) VALUES ('68', '2', '15');
INSERT INTO `role_permissions` (`id`, `role_id`, `permission_id`) VALUES ('79', '2', '17');
INSERT INTO `role_permissions` (`id`, `role_id`, `permission_id`) VALUES ('70', '2', '18');
INSERT INTO `role_permissions` (`id`, `role_id`, `permission_id`) VALUES ('77', '2', '20');
INSERT INTO `role_permissions` (`id`, `role_id`, `permission_id`) VALUES ('75', '2', '21');
INSERT INTO `role_permissions` (`id`, `role_id`, `permission_id`) VALUES ('82', '2', '31');
INSERT INTO `role_permissions` (`id`, `role_id`, `permission_id`) VALUES ('73', '2', '32');
INSERT INTO `role_permissions` (`id`, `role_id`, `permission_id`) VALUES ('83', '2', '33');
INSERT INTO `role_permissions` (`id`, `role_id`, `permission_id`) VALUES ('67', '2', '34');
INSERT INTO `role_permissions` (`id`, `role_id`, `permission_id`) VALUES ('74', '2', '35');
INSERT INTO `role_permissions` (`id`, `role_id`, `permission_id`) VALUES ('112', '2', '38');
INSERT INTO `role_permissions` (`id`, `role_id`, `permission_id`) VALUES ('110', '2', '39');
INSERT INTO `role_permissions` (`id`, `role_id`, `permission_id`) VALUES ('111', '2', '40');
INSERT INTO `role_permissions` (`id`, `role_id`, `permission_id`) VALUES ('113', '2', '42');
INSERT INTO `role_permissions` (`id`, `role_id`, `permission_id`) VALUES ('109', '2', '43');
INSERT INTO `role_permissions` (`id`, `role_id`, `permission_id`) VALUES ('120', '2', '48');
INSERT INTO `role_permissions` (`id`, `role_id`, `permission_id`) VALUES ('96', '3', '13');
INSERT INTO `role_permissions` (`id`, `role_id`, `permission_id`) VALUES ('98', '3', '17');
INSERT INTO `role_permissions` (`id`, `role_id`, `permission_id`) VALUES ('95', '3', '18');
INSERT INTO `role_permissions` (`id`, `role_id`, `permission_id`) VALUES ('97', '3', '20');
INSERT INTO `role_permissions` (`id`, `role_id`, `permission_id`) VALUES ('99', '3', '33');

-- Data for roles
INSERT INTO `roles` (`id`, `name`, `description`, `created_at`, `updated_at`) VALUES ('1', 'Super Admin', 'Full system owner', '2026-04-16 18:36:43', '2026-04-16 18:36:43');
INSERT INTO `roles` (`id`, `name`, `description`, `created_at`, `updated_at`) VALUES ('2', 'Admin', 'Content and order manager', '2026-04-16 18:36:43', '2026-04-16 18:36:43');
INSERT INTO `roles` (`id`, `name`, `description`, `created_at`, `updated_at`) VALUES ('3', 'Employee', 'Limited operational user', '2026-04-16 18:36:43', '2026-04-16 18:36:43');

-- Data for settings
INSERT INTO `settings` (`id`, `setting_key`, `setting_value`, `updated_at`) VALUES ('1', 'site_name', 'الحصن التقني لتكنولوجيا المعلومات', '2026-04-16 18:36:43');
INSERT INTO `settings` (`id`, `setting_key`, `setting_value`, `updated_at`) VALUES ('2', 'site_name_ar', 'الحصن التقني لتكنولوجيا المعلومات', '2026-04-16 18:36:43');
INSERT INTO `settings` (`id`, `setting_key`, `setting_value`, `updated_at`) VALUES ('3', 'site_name_en', 'Fortify Information Technology', '2026-04-16 18:36:43');
INSERT INTO `settings` (`id`, `setting_key`, `setting_value`, `updated_at`) VALUES ('4', 'company_name_ar', 'الحصن التقني لتكنولوجيا المعلومات', '2026-04-16 18:36:43');
INSERT INTO `settings` (`id`, `setting_key`, `setting_value`, `updated_at`) VALUES ('5', 'company_name_en', 'Fortify Information Technology', '2026-04-16 18:36:43');
INSERT INTO `settings` (`id`, `setting_key`, `setting_value`, `updated_at`) VALUES ('6', 'company_description_ar', 'شركة عراقية تقدم حلول تقنية وأنظمة ذكية متكاملة.', '2026-04-16 18:36:43');
INSERT INTO `settings` (`id`, `setting_key`, `setting_value`, `updated_at`) VALUES ('7', 'company_description_en', 'An Iraqi company delivering integrated technology and smart systems.', '2026-04-16 18:36:43');
INSERT INTO `settings` (`id`, `setting_key`, `setting_value`, `updated_at`) VALUES ('8', 'default_language', 'ar', '2026-04-16 18:36:43');
INSERT INTO `settings` (`id`, `setting_key`, `setting_value`, `updated_at`) VALUES ('9', 'timezone', 'Asia/Baghdad', '2026-04-16 18:36:43');
INSERT INTO `settings` (`id`, `setting_key`, `setting_value`, `updated_at`) VALUES ('10', 'maintenance_mode', '0', '2026-04-16 18:36:43');
INSERT INTO `settings` (`id`, `setting_key`, `setting_value`, `updated_at`) VALUES ('11', 'site_email', 'info@4tiify.com', '2026-04-16 18:36:43');
INSERT INTO `settings` (`id`, `setting_key`, `setting_value`, `updated_at`) VALUES ('12', 'site_phone', '+964 000 000 0000', '2026-04-16 18:36:43');
INSERT INTO `settings` (`id`, `setting_key`, `setting_value`, `updated_at`) VALUES ('13', 'site_address', 'Iraq', '2026-04-16 18:36:43');
INSERT INTO `settings` (`id`, `setting_key`, `setting_value`, `updated_at`) VALUES ('14', 'site_address_ar', 'العراق', '2026-04-16 18:36:43');
INSERT INTO `settings` (`id`, `setting_key`, `setting_value`, `updated_at`) VALUES ('15', 'site_address_en', 'Iraq', '2026-04-16 18:36:43');
INSERT INTO `settings` (`id`, `setting_key`, `setting_value`, `updated_at`) VALUES ('16', 'site_logo', '/assets/fortify-logo.png', '2026-04-16 18:36:43');
INSERT INTO `settings` (`id`, `setting_key`, `setting_value`, `updated_at`) VALUES ('17', 'site_logo_dark', '/assets/fortify-logo.png', '2026-04-16 18:36:43');
INSERT INTO `settings` (`id`, `setting_key`, `setting_value`, `updated_at`) VALUES ('18', 'site_favicon', '/assets/favicon.svg', '2026-04-16 18:36:43');
INSERT INTO `settings` (`id`, `setting_key`, `setting_value`, `updated_at`) VALUES ('19', 'og_image', '/assets/fortify-logo.png', '2026-04-16 18:36:43');
INSERT INTO `settings` (`id`, `setting_key`, `setting_value`, `updated_at`) VALUES ('20', 'admin_logo', '/assets/fortify-logo.png', '2026-04-16 18:36:43');
INSERT INTO `settings` (`id`, `setting_key`, `setting_value`, `updated_at`) VALUES ('21', 'footer_text', 'الحصن التقني لتكنولوجيا المعلومات', '2026-04-16 18:36:43');
INSERT INTO `settings` (`id`, `setting_key`, `setting_value`, `updated_at`) VALUES ('22', 'brand_primary_color', '#080d12', '2026-04-16 18:36:43');
INSERT INTO `settings` (`id`, `setting_key`, `setting_value`, `updated_at`) VALUES ('23', 'brand_secondary_color', '#39d0d4', '2026-04-16 18:36:43');
INSERT INTO `settings` (`id`, `setting_key`, `setting_value`, `updated_at`) VALUES ('24', 'brand_accent_color', '#e46f27', '2026-04-16 18:36:43');
INSERT INTO `settings` (`id`, `setting_key`, `setting_value`, `updated_at`) VALUES ('25', 'brand_font_family', 'Inter, system-ui, sans-serif', '2026-04-16 18:36:43');
INSERT INTO `settings` (`id`, `setting_key`, `setting_value`, `updated_at`) VALUES ('26', 'meta_title_ar', 'الحصن التقني | Fortify', '2026-04-16 18:36:43');
INSERT INTO `settings` (`id`, `setting_key`, `setting_value`, `updated_at`) VALUES ('27', 'meta_title_en', 'Fortify Information Technology', '2026-04-16 18:36:43');
INSERT INTO `settings` (`id`, `setting_key`, `setting_value`, `updated_at`) VALUES ('28', 'meta_description', 'حلول تقنية، طاقة شمسية، كاميرات مراقبة، أنظمة صوتيات، إنذار حريق، أنظمة أمنية، بنية تحتية، وتطوير رقمي.', '2026-04-16 18:36:43');
INSERT INTO `settings` (`id`, `setting_key`, `setting_value`, `updated_at`) VALUES ('29', 'meta_description_ar', 'حلول تقنية، طاقة شمسية، كاميرات مراقبة، أنظمة صوتيات، إنذار حريق، أنظمة أمنية، بنية تحتية، وتطوير رقمي.', '2026-04-16 18:36:43');
INSERT INTO `settings` (`id`, `setting_key`, `setting_value`, `updated_at`) VALUES ('30', 'meta_description_en', 'Technology, solar energy, surveillance cameras, audio, fire alarm, security systems, infrastructure, and digital development.', '2026-04-16 18:36:43');
INSERT INTO `settings` (`id`, `setting_key`, `setting_value`, `updated_at`) VALUES ('31', 'meta_keywords', 'Fortify, الحصن التقني, IT, security systems, solar energy', '2026-04-16 18:36:43');
INSERT INTO `settings` (`id`, `setting_key`, `setting_value`, `updated_at`) VALUES ('32', 'robots_indexing', 'index', '2026-04-16 18:36:43');
INSERT INTO `settings` (`id`, `setting_key`, `setting_value`, `updated_at`) VALUES ('33', 'mail_driver', 'smtp', '2026-04-16 18:36:43');
INSERT INTO `settings` (`id`, `setting_key`, `setting_value`, `updated_at`) VALUES ('34', 'smtp_host', '', '2026-04-16 18:36:43');
INSERT INTO `settings` (`id`, `setting_key`, `setting_value`, `updated_at`) VALUES ('35', 'smtp_port', '587', '2026-04-16 18:36:43');
INSERT INTO `settings` (`id`, `setting_key`, `setting_value`, `updated_at`) VALUES ('36', 'smtp_username', '', '2026-04-16 18:36:43');
INSERT INTO `settings` (`id`, `setting_key`, `setting_value`, `updated_at`) VALUES ('37', 'smtp_password', '', '2026-04-16 18:36:43');
INSERT INTO `settings` (`id`, `setting_key`, `setting_value`, `updated_at`) VALUES ('38', 'smtp_encryption', 'tls', '2026-04-16 18:36:43');
INSERT INTO `settings` (`id`, `setting_key`, `setting_value`, `updated_at`) VALUES ('39', 'mail_from_email', 'info@4tiify.com', '2026-04-16 18:36:43');
INSERT INTO `settings` (`id`, `setting_key`, `setting_value`, `updated_at`) VALUES ('40', 'mail_from_name', 'Fortify', '2026-04-16 18:36:43');
INSERT INTO `settings` (`id`, `setting_key`, `setting_value`, `updated_at`) VALUES ('41', 'orders_notify_email', 'info@4tiify.com', '2026-04-16 18:36:43');
INSERT INTO `settings` (`id`, `setting_key`, `setting_value`, `updated_at`) VALUES ('42', 'facebook_url', '', '2026-04-16 18:36:43');
INSERT INTO `settings` (`id`, `setting_key`, `setting_value`, `updated_at`) VALUES ('43', 'instagram_url', '', '2026-04-16 18:36:43');
INSERT INTO `settings` (`id`, `setting_key`, `setting_value`, `updated_at`) VALUES ('44', 'linkedin_url', '', '2026-04-16 18:36:43');
INSERT INTO `settings` (`id`, `setting_key`, `setting_value`, `updated_at`) VALUES ('45', 'x_url', '', '2026-04-16 18:36:43');
INSERT INTO `settings` (`id`, `setting_key`, `setting_value`, `updated_at`) VALUES ('46', 'whatsapp_number', '', '2026-04-16 18:36:43');
INSERT INTO `settings` (`id`, `setting_key`, `setting_value`, `updated_at`) VALUES ('47', 'items_per_page', '20', '2026-04-16 18:36:43');
INSERT INTO `settings` (`id`, `setting_key`, `setting_value`, `updated_at`) VALUES ('48', 'max_upload_size_mb', '5', '2026-04-16 18:36:43');
INSERT INTO `settings` (`id`, `setting_key`, `setting_value`, `updated_at`) VALUES ('49', 'allowed_upload_types', 'jpg,jpeg,png,webp,svg', '2026-04-16 18:36:43');
INSERT INTO `settings` (`id`, `setting_key`, `setting_value`, `updated_at`) VALUES ('50', 'recaptcha_site_key', '', '2026-04-16 18:36:43');
INSERT INTO `settings` (`id`, `setting_key`, `setting_value`, `updated_at`) VALUES ('51', 'recaptcha_secret_key', '', '2026-04-16 18:36:43');

-- Data for translations
INSERT INTO `translations` (`id`, `translation_key`, `module`, `ar_value`, `en_value`, `created_at`, `updated_at`) VALUES ('1', 'nav.home', 'navigation', 'الرئيسية', 'Home', '2026-04-16 18:36:43', '2026-04-16 18:36:43');
INSERT INTO `translations` (`id`, `translation_key`, `module`, `ar_value`, `en_value`, `created_at`, `updated_at`) VALUES ('2', 'nav.about', 'navigation', 'من نحن', 'About', '2026-04-16 18:36:43', '2026-04-16 18:36:43');
INSERT INTO `translations` (`id`, `translation_key`, `module`, `ar_value`, `en_value`, `created_at`, `updated_at`) VALUES ('3', 'nav.services', 'navigation', 'الخدمات', 'Services', '2026-04-16 18:36:43', '2026-04-16 18:36:43');
INSERT INTO `translations` (`id`, `translation_key`, `module`, `ar_value`, `en_value`, `created_at`, `updated_at`) VALUES ('4', 'nav.systems', 'navigation', 'الأنظمة', 'Systems', '2026-04-16 18:36:43', '2026-04-16 18:36:43');
INSERT INTO `translations` (`id`, `translation_key`, `module`, `ar_value`, `en_value`, `created_at`, `updated_at`) VALUES ('5', 'nav.work', 'navigation', 'أعمالنا', 'Work', '2026-04-16 18:36:43', '2026-04-16 18:36:43');
INSERT INTO `translations` (`id`, `translation_key`, `module`, `ar_value`, `en_value`, `created_at`, `updated_at`) VALUES ('6', 'nav.request', 'navigation', 'طلب خدمة', 'Request service', '2026-04-16 18:36:43', '2026-04-16 18:36:43');
INSERT INTO `translations` (`id`, `translation_key`, `module`, `ar_value`, `en_value`, `created_at`, `updated_at`) VALUES ('7', 'common.save', 'admin', 'حفظ', 'Save', '2026-04-16 18:36:43', '2026-04-16 18:36:43');
INSERT INTO `translations` (`id`, `translation_key`, `module`, `ar_value`, `en_value`, `created_at`, `updated_at`) VALUES ('8', 'common.edit', 'admin', 'تعديل', 'Edit', '2026-04-16 18:36:43', '2026-04-16 18:36:43');
INSERT INTO `translations` (`id`, `translation_key`, `module`, `ar_value`, `en_value`, `created_at`, `updated_at`) VALUES ('9', 'common.delete', 'admin', 'حذف', 'Delete', '2026-04-16 18:36:43', '2026-04-16 18:36:43');
INSERT INTO `translations` (`id`, `translation_key`, `module`, `ar_value`, `en_value`, `created_at`, `updated_at`) VALUES ('10', 'settings.title', 'admin', 'إعدادات الموقع', 'Site settings', '2026-04-16 18:36:43', '2026-04-16 18:36:43');

